d 99.
11
Let m(f) = -2*f**3 - 12*f**2 + 12*f. Let j be m(-7). What is the highest common divisor of j and 154?
14
Suppose 13*t - 16*t = -9. Suppose 4*b - 70 = -t*b. Calculate the greatest common divisor of 90 and b.
10
Let t(v) = -v**3 - 2*v**2 - 2*v + 1. Let c be t(-2). Let k(m) = 2*m**2 - 5*m - 10. Let b be k(c). Calculate the greatest common factor of 75 and b.
15
Let t(f) = -f**2 - 8*f - 8. Let a be t(-6). Suppose -a*w = 20 + 12. Let k be (-1043)/(-5) - w/20. Calculate the greatest common divisor of 19 and k.
19
Let r = 43 + -26. Suppose 0*z + 5*w = 2*z + 602, -5*z + 5*w - 1475 = 0. Let d = -155 - z. Calculate the highest common divisor of d and r.
17
Let a be 306/8 - (-1)/(-4). Let r = -26 + a. Calculate the greatest common divisor of 3 and r.
3
Suppose -b + 78 = 2*b. What is the greatest common divisor of 39 and b?
13
Let u = 0 + 0. Let s be -3*1*(-1 + u). Suppose l = -s*l + 20. What is the highest common divisor of 15 and l?
5
Let p(i) = -9*i**3 - 2*i**2 + i + 2. Let n be p(-2). Let g(j) = j - 9. Let r be g(11). Suppose r*d - 12 = 4. What is the greatest common divisor of n and d?
8
Let k be (0 - 1/2)*0. Suppose -2*t - 2*t + 28 = k. Let j be (140/(-16))/(2/(-8)). Calculate the highest common divisor of t and j.
7
Let l be 4/8 - 28/(-8). Suppose -4*d = -0*d - 32. What is the greatest common divisor of d and l?
4
Let n(x) = x**2 - x - 2. Let y be n(3). Suppose -4*p + 344 = -y*i - 0*i, 420 = 5*p - 3*i. What is the highest common factor of p and 9?
9
Suppose -148 = -3*y - y. What is the highest common factor of 185 and y?
37
Let r(t) = t**3 - t**2 - 7*t - 2. Let v be r(5). What is the greatest common factor of v and 7?
7
Let c = 1 + 1. Suppose 12*l + 3 = 13*l. Suppose 0 = 4*g + a - 99, -2*g - l*g + 126 = c*a. What is the highest common factor of 16 and g?
8
Let n(q) = -3*q - 6. Let t be n(-6). Let y(i) = 4*i**2 - i - 3. Let a be y(5). Let p = a + -44. What is the highest common factor of t and p?
12
Let k be (-6)/4*(-990)/27. Let a be ((-22)/4)/((-2)/4). Calculate the highest common divisor of k and a.
11
Suppose -76 = -0*r - 2*r. Let o = r + -11. What is the highest common factor of o and 9?
9
Let x be 24*((-15)/(-4) + -3). Calculate the greatest common factor of x and 27.
9
Suppose 6 = -2*c, 2*k + 4*c = k + 13. Calculate the highest common factor of k and 5.
5
Suppose -3*r + 8*r - 70 = 0. Calculate the highest common divisor of 112 and r.
14
Let o(t) = -5 - 2 + 3*t + 0 - 5. Let r be o(6). Suppose -2*a + 30 = 3*a. Calculate the highest common factor of a and r.
6
Let h be (-2)/((6/(-10))/3). Suppose 18 = -5*l + 4*c, 3 + 6 = -4*l + 5*c. Let t = l + h. What is the greatest common factor of t and 16?
4
Let u(y) = 3*y**2 - 2*y - 2. Let v be u(2). Let x be 2 - (3 + 5) - -1. Let w = -3 - x. What is the highest common divisor of w and v?
2
Suppose 26 = -3*h + 4*h. What is the greatest common divisor of h and 78?
26
Let c be 4/20 - (-1)/(-5). Suppose -d + 15 + 25 = c. What is the highest common factor of d and 8?
8
Let c(k) = 31*k**2 + 2*k. Let f be c(1). What is the greatest common divisor of 66 and f?
33
Let s = -34 - -17. Let n = -9 + 18. Let k = n - s. What is the greatest common divisor of k and 13?
13
Suppose 0 = z - 170 - 10. What is the highest common divisor of 24 and z?
12
Let k = 10 - 15. Suppose -p = -5*p + 2*h - 58, 0 = -3*p + 3*h - 36. Let y = k - p. Calculate the highest common factor of 96 and y.
12
Suppose -4*u + n = -0*u - 72, 5*n - 90 = -5*u. Let w be 4/6 - 104/(-6). Calculate the highest common divisor of u and w.
18
Let i(w) = -3*w**3 - 2*w**2 - 2*w. Let y be i(-2). Suppose 4*r = -g - 6 - 2, g + 11 = -5*r. Calculate the highest common divisor of g and y.
4
Suppose -d + 30 = -65. Suppose 0 = -2*t - a + d, -a - 35 = -t + 14. Let o = 111 - t. What is the highest common factor of 9 and o?
9
Let r be 25/3 + 2/(-6). Suppose -2*o + 2 = 2*l - 72, -4*o - 12 = 0. What is the greatest common factor of l and r?
8
Suppose 2*c + 0*c = 2. Let s be (7 + 2)*(c + 0). Calculate the greatest common factor of 3 and s.
3
Let o = -88 + 96. Calculate the greatest common factor of 32 and o.
8
Let d = -4 + 23. What is the highest common factor of 19 and d?
19
Suppose -3*x = 2*x - 10. Calculate the highest common factor of x and 16.
2
Suppose 0 = -x, 5*x = -4*b - 0*b + 16. Let i = 5 - b. Let z be (-5)/(-3)*(i + 35). What is the highest common factor of z and 20?
20
Let x = -47 - -168. Let y = -137 + 148. Calculate the greatest common factor of x and y.
11
Suppose -5*m + 268 = 3*i, -3*i - 4*m = i - 368. Suppose 2*d = -0*d + i. What is the highest common factor of d and 32?
16
Suppose -20 = -2*y + 7*y. Let j be 6/8 - 21/y. Suppose -2*s + 3*s - 18 = 0. Calculate the greatest common factor of j and s.
6
Suppose w - 4*b - b = 13, -5*w + 4*b = -44. Let c = w + 5. What is the greatest common divisor of 13 and c?
13
Suppose 5*b - 27 = j, 3*b + 0*b + 3*j - 27 = 0. Suppose 2*f + b + 5 = n, 79 = 5*n + 2*f. What is the greatest common factor of 15 and n?
15
Let a = 8 - 6. Suppose -3*h + a*h + 13 = 0. Calculate the greatest common factor of h and 117.
13
Let k(n) = n**2 + 10*n + 4. Let d be k(-10). Suppose 2*a + 2 = d. Calculate the greatest common factor of 8 and a.
1
Suppose -4*k + 8 = -32. Let q be 2/k - (-119)/5. Suppose 2*n = y - 4, -n - 28 - 28 = -5*y. Calculate the greatest common factor of y and q.
12
Let w = 8 - 4. Suppose -2*r - 46 = -g - g, -3*r = -w*g + 90. What is the greatest common divisor of g and 42?
21
Let a(r) = r**3 + 10*r**2 + 8*r - 8. Let m be a(-9). Calculate the greatest common divisor of m and 11.
1
Suppose 3 = -3*p, 3*t - 4*p - 70 = -0*t. Calculate the greatest common divisor of 77 and t.
11
Suppose j + 90 = 4*j. What is the highest common divisor of j and 30?
30
Suppose 0 = -b + 4 - 1. Suppose 1 = -z + b. Suppose 0 = -z*j - 0*j + 110. What is the highest common factor of j and 11?
11
Suppose 2*g + 1 = 31. Suppose 8*y + 38 = 86. What is the highest common divisor of y and g?
3
Let q be 7 - (1 + (-5 - -3)). What is the greatest common divisor of 4 and q?
4
Suppose -3*z - 3*k + 27 = 0, -39 = -5*z + k + 24. Suppose -z = -4*u, 34 = 3*m + m - 2*u. Calculate the highest common divisor of 20 and m.
10
Suppose -22*r - 10 = -24*r. What is the greatest common divisor of r and 20?
5
Suppose -4*h - 2*g + 58 = -166, 4*g - 16 = 0. What is the highest common divisor of h and 18?
18
Let d be 3 + -1 + 1*52. Let k(c) = -c**3 - 4*c**2 - 5*c - 2. Let u be k(-4). What is the highest common divisor of d and u?
18
Let q(y) = 64*y**2 - y + 1. Let r(f) = f - 6. Let u be -1*2 + (-45)/(-5). Let a be r(u). Let m be q(a). What is the greatest common divisor of 16 and m?
16
Let t = 96 + -78. Calculate the greatest common factor of 6 and t.
6
Suppose -c - 4*q = 7, 2*c + 14 = -8*q + 3*q. Let s be (-30)/c*(16 + 5). Calculate the greatest common divisor of 18 and s.
18
Let b = 58 + -123. Let m = -43 - b. Let x = 20 - -35. Calculate the highest common divisor of m and x.
11
Suppose 264 = -3*h + 14*h. Calculate the greatest common factor of h and 8.
8
Suppose 2*o = -i + 44, -5*i + 215 = 4*o + o. Let t = -9 + 15. Calculate the greatest common factor of t and i.
6
Suppose 2*d + 34 = o - 2*d, 0 = -4*o - d + 51. What is the highest common factor of 14 and o?
14
Let q(l) = 2*l + 7. Let h be q(6). Let r = 83 - -12. What is the greatest common factor of r and h?
19
Let d(h) = -h**3 - 10*h**2 - 4*h + 8. Let c be d(-10). Calculate the highest common divisor of 72 and c.
24
Let w(y) = 0*y**2 + 4*y**2 + y - y**3 - 5 + 2*y. Let n be w(5). Let k be (1/3)/((-1)/n). What is the highest common divisor of k and 1?
1
Let p(o) = -o**2 - 2*o + 4. Let x be p(0). Calculate the greatest common divisor of x and 28.
4
Suppose 2*d - 14 + 2 = 0. Suppose 3*u + 2*u - 170 = 0. Suppose 2*v + d = -2*f + u, v = f + 8. Calculate the greatest common factor of v and 44.
11
Let k be 1 - (-11 - 2) - (0 - -4). What is the highest common factor of k and 15?
5
Suppose -12 = -5*m + m + 2*o, 0 = -2*m - 5*o + 30. Suppose m*t - 3*t = 0. Suppose t = h - 21 - 3. Calculate the highest common divisor of 36 and h.
12
Let p = 43 + -30. What is the highest common factor of 65 and p?
13
Let k = 36 + -25. Calculate the greatest common factor of k and 11.
11
Let w be 4 + -1 + (1 - 2). Suppose -w*f + 8 = -f. Calculate the hig